{"id":3628,"date":"2016-05-09T21:42:14","date_gmt":"2016-05-09T19:42:14","guid":{"rendered":"http:\/\/www.acuarella.eu\/es\/?page_id=3628"},"modified":"2023-01-23T08:47:32","modified_gmt":"2023-01-23T07:47:32","slug":"familia-escuela","status":"publish","type":"page","link":"https:\/\/www.acuarella.eu\/es\/proyecto-educativo-de-acuarella\/familia-escuela\/","title":{"rendered":"Familia-Escuela"},"content":{"rendered":"<div class=\"wpb-content-wrapper\"><p>[vc_row full_width=\u00bbstretch_row\u00bb bg_style=\u00bbbg-effect-lg\u00bb css=\u00bb.vc_custom_1619893499618{padding-top: 55px !important;padding-bottom: 55px !important;background-color: #ec6f06 !important;}\u00bb][vc_column][vc_custom_heading text=\u00bbFamilia-Escuela\u00bb font_container=\u00bbtag:h1|text_align:center|color:%23ffffff\u00bb use_theme_fonts=\u00bbyes\u00bb][\/vc_column][\/vc_row][vc_row full_width=\u00bbstretch_row\u00bb parallax=\u00bbcontent-moving\u00bb parallax_image=\u00bb4623&#8243; el_class=\u00bbrow-overlay\u00bb bg_style=\u00bbimg_parallax\u00bb overlay_row=\u00bbyes\u00bb css=\u00bb.vc_custom_1619893487101{padding-top: 55px !important;padding-bottom: 90px !important;background-color: rgba(255,255,255,0.7) !important;background-position: center;background-repeat: no-repeat !important;background-size: cover !important;*background-color: rgb(255,255,255) !important;}\u00bb overlay_color=\u00bb#ffffff\u00bb overlay_opacity=\u00bb0.8&#8243; bd_p_speed=\u00bb0.5&#8243;][vc_column offset=\u00bbvc_col-lg-6 vc_col-md-6 vc_col-xs-12&#8243; font_color=\u00bb#000000&#8243;][vc_custom_heading text=\u00bbImplicaci\u00f3n\u00bb font_container=\u00bbtag:h2|text_align:center\u00bb use_theme_fonts=\u00bbyes\u00bb][vc_empty_space height=\u00bb10px\u00bb][vc_separator color=\u00bbcustom\u00bb align=\u00bbcenter\u00bb border_width=\u00bb4&#8243; custom_sparator_width=\u00bb155px\u00bb accent_color=\u00bb#ec6f06&#8243;][vc_empty_space height=\u00bb20px\u00bb][vc_column_text]<\/p>\n<p style=\"text-align: justify;\">La relaci\u00f3n con las familias forma parte de la cotidianidad de la escuela, contamos con su participaci\u00f3n activa y valoramos que se sientan implicadas. Su voz es imprescindible, para garantizar una relaci\u00f3n de intercambio de experiencias, criterios y opiniones sobre la educaci\u00f3n de los peque\u00f1os.<\/p>\n<p>[\/vc_column_text][\/vc_column][vc_column offset=\u00bbvc_col-lg-6 vc_col-md-6 vc_col-xs-12&#8243;][vc_single_image image=\u00bb5409&#8243; img_size=\u00bbfull\u00bb alignment=\u00bbcenter\u00bb][\/vc_column][\/vc_row]<\/p>\n<\/div>","protected":false},"excerpt":{"rendered":"<p>[vc_row full_width=\u00bbstretch_row\u00bb bg_style=\u00bbbg-effect-lg\u00bb css=\u00bb.vc_custom_1619893499618{padding-top: 55px !important;padding-bottom: 55px !important;background-color: #ec6f06 !important;}\u00bb][vc_column][vc_custom_heading text=\u00bbFamilia-Escuela\u00bb font_container=\u00bbtag:h1|text_align:center|color:%23ffffff\u00bb use_theme_fonts=\u00bbyes\u00bb][\/vc_column][\/vc_row][vc_row full_width=\u00bbstretch_row\u00bb parallax=\u00bbcontent-moving\u00bb parallax_image=\u00bb4623&#8243; el_class=\u00bbrow-overlay\u00bb bg_style=\u00bbimg_parallax\u00bb overlay_row=\u00bbyes\u00bb css=\u00bb.vc_custom_1619893487101{padding-top: 55px !important;padding-bottom: 90px !important;background-color: rgba(255,255,255,0.7) !important;background-position: center;background-repeat: no-repeat !important;background-size: cover !important;*background-color: rgb(255,255,255) !important;}\u00bb overlay_color=\u00bb#ffffff\u00bb overlay_opacity=\u00bb0.8&#8243; bd_p_speed=\u00bb0.5&#8243;][vc_column offset=\u00bbvc_col-lg-6 vc_col-md-6 vc_col-xs-12&#8243; font_color=\u00bb#000000&#8243;][vc_custom_heading text=\u00bbImplicaci\u00f3n\u00bb font_container=\u00bbtag:h2|text_align:center\u00bb use_theme_fonts=\u00bbyes\u00bb][vc_empty_space height=\u00bb10px\u00bb][vc_separator color=\u00bbcustom\u00bb align=\u00bbcenter\u00bb border_width=\u00bb4&#8243; custom_sparator_width=\u00bb155px\u00bb accent_color=\u00bb#ec6f06&#8243;][vc_empty_space height=\u00bb20px\u00bb][vc_column_text] La relaci\u00f3n con las familias [&hellip;]<\/p>\n","protected":false},"author":3,"featured_media":0,"parent":3604,"menu_order":50,"comment_status":"closed","ping_status":"closed","template":"","meta":[],"yoast_head":"<!-- This site is optimized with the Yoast SEO plugin v20.2.1 - https:\/\/yoast.com\/wordpress\/plugins\/seo\/ -->\n<title>Familia-Escuela | Acuarella | la estrecha relaci\u00f3n con las familias<\/title>\n<meta name=\"description\" content=\"La relaci\u00f3n con las familias forma parte del d\u00eda de la escuela, contamos con su participaci\u00f3n activa y valoramos que se sientan implicadas\" \/>\n<meta name=\"robots\" content=\"index, follow, max-snippet:-1, max-image-preview:large, max-video-preview:-1\" \/>\n<link rel=\"canonical\" href=\"https:\/\/www.acuarella.eu\/es\/proyecto-educativo-de-acuarella\/familia-escuela\/\" \/>\n<meta property=\"og:locale\" content=\"es_ES\" \/>\n<meta property=\"og:type\" content=\"article\" \/>\n<meta property=\"og:title\" content=\"Familia-Escuela | Acuarella | la estrecha relaci\u00f3n con las familias\" \/>\n<meta property=\"og:description\" content=\"La relaci\u00f3n con las familias forma parte del d\u00eda de la escuela, contamos con su participaci\u00f3n activa y valoramos que se sientan implicadas\" \/>\n<meta property=\"og:url\" content=\"https:\/\/www.acuarella.eu\/es\/proyecto-educativo-de-acuarella\/familia-escuela\/\" \/>\n<meta property=\"og:site_name\" content=\"Acuarella\" \/>\n<meta property=\"article:publisher\" content=\"https:\/\/www.facebook.com\/acuarellainfants\/\" \/>\n<meta property=\"article:modified_time\" content=\"2023-01-23T07:47:32+00:00\" \/>\n<meta name=\"twitter:card\" content=\"summary_large_image\" \/>\n<meta name=\"twitter:site\" content=\"@AcuarellaLLI\" \/>\n<meta name=\"twitter:label1\" content=\"Tiempo de lectura\" \/>\n\t<meta name=\"twitter:data1\" content=\"1 minuto\" \/>\n<script type=\"application\/ld+json\" class=\"yoast-schema-graph\">{\"@context\":\"https:\/\/schema.org\",\"@graph\":[{\"@type\":\"WebPage\",\"@id\":\"https:\/\/www.acuarella.eu\/es\/proyecto-educativo-de-acuarella\/familia-escuela\/\",\"url\":\"https:\/\/www.acuarella.eu\/es\/proyecto-educativo-de-acuarella\/familia-escuela\/\",\"name\":\"Familia-Escuela | Acuarella | la estrecha relaci\u00f3n con las familias\",\"isPartOf\":{\"@id\":\"https:\/\/www.acuarella.eu\/es\/#website\"},\"datePublished\":\"2016-05-09T19:42:14+00:00\",\"dateModified\":\"2023-01-23T07:47:32+00:00\",\"description\":\"La relaci\u00f3n con las familias forma parte del d\u00eda de la escuela, contamos con su participaci\u00f3n activa y valoramos que se sientan implicadas\",\"breadcrumb\":{\"@id\":\"https:\/\/www.acuarella.eu\/es\/proyecto-educativo-de-acuarella\/familia-escuela\/#breadcrumb\"},\"inLanguage\":\"es\",\"potentialAction\":[{\"@type\":\"ReadAction\",\"target\":[\"https:\/\/www.acuarella.eu\/es\/proyecto-educativo-de-acuarella\/familia-escuela\/\"]}]},{\"@type\":\"BreadcrumbList\",\"@id\":\"https:\/\/www.acuarella.eu\/es\/proyecto-educativo-de-acuarella\/familia-escuela\/#breadcrumb\",\"itemListElement\":[{\"@type\":\"ListItem\",\"position\":1,\"name\":\"Portada\",\"item\":\"https:\/\/www.acuarella.eu\/es\/\"},{\"@type\":\"ListItem\",\"position\":2,\"name\":\"Proyecto\",\"item\":\"https:\/\/www.acuarella.eu\/es\/proyecto-educativo-de-acuarella\/\"},{\"@type\":\"ListItem\",\"position\":3,\"name\":\"Familia-Escuela\"}]},{\"@type\":\"WebSite\",\"@id\":\"https:\/\/www.acuarella.eu\/es\/#website\",\"url\":\"https:\/\/www.acuarella.eu\/es\/\",\"name\":\"Llars d'infants Acuarella\",\"description\":\"Escuela infantil en Barcelona\",\"publisher\":{\"@id\":\"https:\/\/www.acuarella.eu\/es\/#organization\"},\"potentialAction\":[{\"@type\":\"SearchAction\",\"target\":{\"@type\":\"EntryPoint\",\"urlTemplate\":\"https:\/\/www.acuarella.eu\/es\/?s={search_term_string}\"},\"query-input\":\"required name=search_term_string\"}],\"inLanguage\":\"es\"},{\"@type\":\"Organization\",\"@id\":\"https:\/\/www.acuarella.eu\/es\/#organization\",\"name\":\"Acuarella\",\"url\":\"https:\/\/www.acuarella.eu\/es\/\",\"logo\":{\"@type\":\"ImageObject\",\"inLanguage\":\"es\",\"@id\":\"https:\/\/www.acuarella.eu\/es\/#\/schema\/logo\/image\/\",\"url\":\"https:\/\/www.acuarella.eu\/wp-content\/uploads\/revslider\/Navidad2018\/logo_500px.png\",\"contentUrl\":\"https:\/\/www.acuarella.eu\/wp-content\/uploads\/revslider\/Navidad2018\/logo_500px.png\",\"width\":500,\"height\":207,\"caption\":\"Acuarella\"},\"image\":{\"@id\":\"https:\/\/www.acuarella.eu\/es\/#\/schema\/logo\/image\/\"},\"sameAs\":[\"https:\/\/www.facebook.com\/acuarellainfants\/\",\"https:\/\/twitter.com\/AcuarellaLLI\",\"https:\/\/www.instagram.com\/acuarella_llars\/\",\"https:\/\/www.linkedin.com\/company\/11481738\/admin\/\"]}]}<\/script>\n<!-- \/ Yoast SEO plugin. -->","yoast_head_json":{"title":"Familia-Escuela | Acuarella | la estrecha relaci\u00f3n con las familias","description":"La relaci\u00f3n con las familias forma parte del d\u00eda de la escuela, contamos con su participaci\u00f3n activa y valoramos que se sientan implicadas","robots":{"index":"index","follow":"follow","max-snippet":"max-snippet:-1","max-image-preview":"max-image-preview:large","max-video-preview":"max-video-preview:-1"},"canonical":"https:\/\/www.acuarella.eu\/es\/proyecto-educativo-de-acuarella\/familia-escuela\/","og_locale":"es_ES","og_type":"article","og_title":"Familia-Escuela | Acuarella | la estrecha relaci\u00f3n con las familias","og_description":"La relaci\u00f3n con las familias forma parte del d\u00eda de la escuela, contamos con su participaci\u00f3n activa y valoramos que se sientan implicadas","og_url":"https:\/\/www.acuarella.eu\/es\/proyecto-educativo-de-acuarella\/familia-escuela\/","og_site_name":"Acuarella","article_publisher":"https:\/\/www.facebook.com\/acuarellainfants\/","article_modified_time":"2023-01-23T07:47:32+00:00","twitter_card":"summary_large_image","twitter_site":"@AcuarellaLLI","twitter_misc":{"Tiempo de lectura":"1 minuto"},"schema":{"@context":"https:\/\/schema.org","@graph":[{"@type":"WebPage","@id":"https:\/\/www.acuarella.eu\/es\/proyecto-educativo-de-acuarella\/familia-escuela\/","url":"https:\/\/www.acuarella.eu\/es\/proyecto-educativo-de-acuarella\/familia-escuela\/","name":"Familia-Escuela | Acuarella | la estrecha relaci\u00f3n con las familias","isPartOf":{"@id":"https:\/\/www.acuarella.eu\/es\/#website"},"datePublished":"2016-05-09T19:42:14+00:00","dateModified":"2023-01-23T07:47:32+00:00","description":"La relaci\u00f3n con las familias forma parte del d\u00eda de la escuela, contamos con su participaci\u00f3n activa y valoramos que se sientan implicadas","breadcrumb":{"@id":"https:\/\/www.acuarella.eu\/es\/proyecto-educativo-de-acuarella\/familia-escuela\/#breadcrumb"},"inLanguage":"es","potentialAction":[{"@type":"ReadAction","target":["https:\/\/www.acuarella.eu\/es\/proyecto-educativo-de-acuarella\/familia-escuela\/"]}]},{"@type":"BreadcrumbList","@id":"https:\/\/www.acuarella.eu\/es\/proyecto-educativo-de-acuarella\/familia-escuela\/#breadcrumb","itemListElement":[{"@type":"ListItem","position":1,"name":"Portada","item":"https:\/\/www.acuarella.eu\/es\/"},{"@type":"ListItem","position":2,"name":"Proyecto","item":"https:\/\/www.acuarella.eu\/es\/proyecto-educativo-de-acuarella\/"},{"@type":"ListItem","position":3,"name":"Familia-Escuela"}]},{"@type":"WebSite","@id":"https:\/\/www.acuarella.eu\/es\/#website","url":"https:\/\/www.acuarella.eu\/es\/","name":"Llars d'infants Acuarella","description":"Escuela infantil en Barcelona","publisher":{"@id":"https:\/\/www.acuarella.eu\/es\/#organization"},"potentialAction":[{"@type":"SearchAction","target":{"@type":"EntryPoint","urlTemplate":"https:\/\/www.acuarella.eu\/es\/?s={search_term_string}"},"query-input":"required name=search_term_string"}],"inLanguage":"es"},{"@type":"Organization","@id":"https:\/\/www.acuarella.eu\/es\/#organization","name":"Acuarella","url":"https:\/\/www.acuarella.eu\/es\/","logo":{"@type":"ImageObject","inLanguage":"es","@id":"https:\/\/www.acuarella.eu\/es\/#\/schema\/logo\/image\/","url":"https:\/\/www.acuarella.eu\/wp-content\/uploads\/revslider\/Navidad2018\/logo_500px.png","contentUrl":"https:\/\/www.acuarella.eu\/wp-content\/uploads\/revslider\/Navidad2018\/logo_500px.png","width":500,"height":207,"caption":"Acuarella"},"image":{"@id":"https:\/\/www.acuarella.eu\/es\/#\/schema\/logo\/image\/"},"sameAs":["https:\/\/www.facebook.com\/acuarellainfants\/","https:\/\/twitter.com\/AcuarellaLLI","https:\/\/www.instagram.com\/acuarella_llars\/","https:\/\/www.linkedin.com\/company\/11481738\/admin\/"]}]}},"_links":{"self":[{"href":"https:\/\/www.acuarella.eu\/es\/wp-json\/wp\/v2\/pages\/3628"}],"collection":[{"href":"https:\/\/www.acuarella.eu\/es\/wp-json\/wp\/v2\/pages"}],"about":[{"href":"https:\/\/www.acuarella.eu\/es\/wp-json\/wp\/v2\/types\/page"}],"author":[{"embeddable":true,"href":"https:\/\/www.acuarella.eu\/es\/wp-json\/wp\/v2\/users\/3"}],"replies":[{"embeddable":true,"href":"https:\/\/www.acuarella.eu\/es\/wp-json\/wp\/v2\/comments?post=3628"}],"version-history":[{"count":1,"href":"https:\/\/www.acuarella.eu\/es\/wp-json\/wp\/v2\/pages\/3628\/revisions"}],"predecessor-version":[{"id":7810,"href":"https:\/\/www.acuarella.eu\/es\/wp-json\/wp\/v2\/pages\/3628\/revisions\/7810"}],"up":[{"embeddable":true,"href":"https:\/\/www.acuarella.eu\/es\/wp-json\/wp\/v2\/pages\/3604"}],"wp:attachment":[{"href":"https:\/\/www.acuarella.eu\/es\/wp-json\/wp\/v2\/media?parent=3628"}],"curies":[{"name":"wp","href":"https:\/\/api.w.org\/{rel}","templated":true}]}}

<div class="wpb-content-wrapper"><p>[vc_row full_width=»stretch_row» bg_style=»bg-effect-lg» css=».vc_custom_1619893499618{padding-top: 55px !important;padding-bottom: 55px !important;background-color: #ec6f06 !important;}»][vc_column][vc_custom_heading text=»Familia-Escuela» font_container=»tag:h1|text_align:center|color:%23ffffff» use_theme_fonts=»yes»][/vc_column][/vc_row][vc_row full_width=»stretch_row» parallax=»content-moving» parallax_image=»4623&#8243; el_class=»row-overlay» bg_style=»img_parallax» overlay_row=»yes» css=».vc_custom_1619893487101{padding-top: 55px !important;padding-bottom: 90px !important;background-color: rgba(255,255,255,0.7) !important;background-position: center;background-repeat: no-repeat !important;background-size: cover !important;*background-color: rgb(255,255,255) !important;}» overlay_color=»#ffffff» overlay_opacity=»0.8&#8243; bd_p_speed=»0.5&#8243;][vc_column offset=»vc_col-lg-6 vc_col-md-6 vc_col-xs-12&#8243; font_color=»#000000&#8243;][vc_custom_heading text=»Implicación» font_container=»tag:h2|text_align:center» use_theme_fonts=»yes»][vc_empty_space height=»10px»][vc_separator color=»custom» align=»center» border_width=»4&#8243; custom_sparator_width=»155px» accent_color=»#ec6f06&#8243;][vc_empty_space height=»20px»][vc_column_text]</p>
<p style="text-align: justify;">La relación con las familias forma parte de la cotidianidad de la escuela, contamos con su participación activa y valoramos que se sientan implicadas. Su voz es imprescindible, para garantizar una relación de intercambio de experiencias, criterios y opiniones sobre la educación de los pequeños.</p>
<p>[/vc_column_text][/vc_column][vc_column offset=»vc_col-lg-6 vc_col-md-6 vc_col-xs-12&#8243;][vc_single_image image=»5409&#8243; img_size=»full» alignment=»center»][/vc_column][/vc_row]</p>
</div>

<p>[vc_row full_width=»stretch_row» bg_style=»bg-effect-lg» css=».vc_custom_1619893499618{padding-top: 55px !important;padding-bottom: 55px !important;background-color: #ec6f06 !important;}»][vc_column][vc_custom_heading text=»Familia-Escuela» font_container=»tag:h1|text_align:center|color:%23ffffff» use_theme_fonts=»yes»][/vc_column][/vc_row][vc_row full_width=»stretch_row» parallax=»content-moving» parallax_image=»4623&#8243; el_class=»row-overlay» bg_style=»img_parallax» overlay_row=»yes» css=».vc_custom_1619893487101{padding-top: 55px !important;padding-bottom: 90px !important;background-color: rgba(255,255,255,0.7) !important;background-position: center;background-repeat: no-repeat !important;background-size: cover !important;*background-color: rgb(255,255,255) !important;}» overlay_color=»#ffffff» overlay_opacity=»0.8&#8243; bd_p_speed=»0.5&#8243;][vc_column offset=»vc_col-lg-6 vc_col-md-6 vc_col-xs-12&#8243; font_color=»#000000&#8243;][vc_custom_heading text=»Implicación» font_container=»tag:h2|text_align:center» use_theme_fonts=»yes»][vc_empty_space height=»10px»][vc_separator color=»custom» align=»center» border_width=»4&#8243; custom_sparator_width=»155px» accent_color=»#ec6f06&#8243;][vc_empty_space height=»20px»][vc_column_text] La relación con las familias [&hellip;]</p>

<!-- This site is optimized with the Yoast SEO plugin v20.2.1 - https://yoast.com/wordpress/plugins/seo/ -->
<title>Familia-Escuela | Acuarella | la estrecha relación con las familias</title>
<meta name="description" content="La relación con las familias forma parte del día de la escuela, contamos con su participación activa y valoramos que se sientan implicadas" />
<meta name="robots" content="index, follow, max-snippet:-1, max-image-preview:large, max-video-preview:-1" />
<link rel="canonical" href="https://www.acuarella.eu/es/proyecto-educativo-de-acuarella/familia-escuela/" />
<meta property="og:locale" content="es_ES" />
<meta property="og:type" content="article" />
<meta property="og:title" content="Familia-Escuela | Acuarella | la estrecha relación con las familias" />
<meta property="og:description" content="La relación con las familias forma parte del día de la escuela, contamos con su participación activa y valoramos que se sientan implicadas" />
<meta property="og:url" content="https://www.acuarella.eu/es/proyecto-educativo-de-acuarella/familia-escuela/" />
<meta property="og:site_name" content="Acuarella" />
<meta property="article:publisher" content="https://www.facebook.com/acuarellainfants/" />
<meta property="article:modified_time" content="2023-01-23T07:47:32+00:00" />
<meta name="twitter:card" content="summary_large_image" />
<meta name="twitter:site" content="@AcuarellaLLI" />
<meta name="twitter:label1" content="Tiempo de lectura" />
	<meta name="twitter:data1" content="1 minuto" />
<script type="application/ld+json" class="yoast-schema-graph">{"@context":"https://schema.org","@graph":[{"@type":"WebPage","@id":"https://www.acuarella.eu/es/proyecto-educativo-de-acuarella/familia-escuela/","url":"https://www.acuarella.eu/es/proyecto-educativo-de-acuarella/familia-escuela/","name":"Familia-Escuela | Acuarella | la estrecha relación con las familias","isPartOf":{"@id":"https://www.acuarella.eu/es/#website"},"datePublished":"2016-05-09T19:42:14+00:00","dateModified":"2023-01-23T07:47:32+00:00","description":"La relación con las familias forma parte del día de la escuela, contamos con su participación activa y valoramos que se sientan implicadas","breadcrumb":{"@id":"https://www.acuarella.eu/es/proyecto-educativo-de-acuarella/familia-escuela/#breadcrumb"},"inLanguage":"es","potentialAction":[{"@type":"ReadAction","target":["https://www.acuarella.eu/es/proyecto-educativo-de-acuarella/familia-escuela/"]}]},{"@type":"BreadcrumbList","@id":"https://www.acuarella.eu/es/proyecto-educativo-de-acuarella/familia-escuela/#breadcrumb","itemListElement":[{"@type":"ListItem","position":1,"name":"Portada","item":"https://www.acuarella.eu/es/"},{"@type":"ListItem","position":2,"name":"Proyecto","item":"https://www.acuarella.eu/es/proyecto-educativo-de-acuarella/"},{"@type":"ListItem","position":3,"name":"Familia-Escuela"}]},{"@type":"WebSite","@id":"https://www.acuarella.eu/es/#website","url":"https://www.acuarella.eu/es/","name":"Llars d'infants Acuarella","description":"Escuela infantil en Barcelona","publisher":{"@id":"https://www.acuarella.eu/es/#organization"},"potentialAction":[{"@type":"SearchAction","target":{"@type":"EntryPoint","urlTemplate":"https://www.acuarella.eu/es/?s={search_term_string}"},"query-input":"required name=search_term_string"}],"inLanguage":"es"},{"@type":"Organization","@id":"https://www.acuarella.eu/es/#organization","name":"Acuarella","url":"https://www.acuarella.eu/es/","logo":{"@type":"ImageObject","inLanguage":"es","@id":"https://www.acuarella.eu/es/#/schema/logo/image/","url":"https://www.acuarella.eu/wp-content/uploads/revslider/Navidad2018/logo_500px.png","contentUrl":"https://www.acuarella.eu/wp-content/uploads/revslider/Navidad2018/logo_500px.png","width":500,"height":207,"caption":"Acuarella"},"image":{"@id":"https://www.acuarella.eu/es/#/schema/logo/image/"},"sameAs":["https://www.facebook.com/acuarellainfants/","https://twitter.com/AcuarellaLLI","https://www.instagram.com/acuarella_llars/","https://www.linkedin.com/company/11481738/admin/"]}]}</script>
<!-- / Yoast SEO plugin. -->

Familia-Escuela | Acuarella | la estrecha relación con las familias

La relación con las familias forma parte del día de la escuela, contamos con su participación activa y valoramos que se sientan implicadas
