{"id":3932,"date":"2017-05-22T10:34:03","date_gmt":"2017-05-22T08:34:03","guid":{"rendered":"http:\/\/www.acuarella.eu\/?page_id=3932\/"},"modified":"2021-05-01T20:21:16","modified_gmt":"2021-05-01T18:21:16","slug":"famille-ecole","status":"publish","type":"page","link":"https:\/\/www.acuarella.eu\/fr\/projet\/famille-ecole\/","title":{"rendered":"Famille-\u00c9cole"},"content":{"rendered":"<div class=\"wpb-content-wrapper\"><p>[vc_row full_width=\u00a0\u00bbstretch_row\u00a0\u00bb bg_style=\u00a0\u00bbbg-effect-lg\u00a0\u00bb css=\u00a0\u00bb.vc_custom_1619893009248{padding-top: 55px !important;padding-bottom: 55px !important;background-color: #ec6f06 !important;}\u00a0\u00bb][vc_column][vc_custom_heading text=\u00a0\u00bbFamille-\u00c9cole\u00a0\u00bb font_container=\u00a0\u00bbtag:h1|text_align:center|color:%23ffffff\u00a0\u00bb use_theme_fonts=\u00a0\u00bbyes\u00a0\u00bb][\/vc_column][\/vc_row][vc_row full_width=\u00a0\u00bbstretch_row\u00a0\u00bb parallax=\u00a0\u00bbcontent-moving\u00a0\u00bb parallax_image=\u00a0\u00bb4622&Prime; el_class=\u00a0\u00bbrow-overlay\u00a0\u00bb bg_style=\u00a0\u00bbimg_parallax\u00a0\u00bb overlay_row=\u00a0\u00bbyes\u00a0\u00bb css=\u00a0\u00bb.vc_custom_1619893273188{padding-top: 55px !important;padding-bottom: 90px !important;background-color: rgba(255,255,255,0.7) !important;background-position: center;background-repeat: no-repeat !important;background-size: cover !important;*background-color: rgb(255,255,255) !important;}\u00a0\u00bb overlay_color=\u00a0\u00bb#ffffff\u00a0\u00bb overlay_opacity=\u00a0\u00bb0.8&Prime; bd_p_speed=\u00a0\u00bb0.5&Prime;][vc_column offset=\u00a0\u00bbvc_col-lg-6 vc_col-md-6 vc_col-xs-12&Prime; font_color=\u00a0\u00bb#000000&Prime;][vc_custom_heading text=\u00a0\u00bbImplication\u00a0\u00bb font_container=\u00a0\u00bbtag:h2|text_align:center\u00a0\u00bb use_theme_fonts=\u00a0\u00bbyes\u00a0\u00bb][vc_empty_space height=\u00a0\u00bb10px\u00a0\u00bb][vc_separator color=\u00a0\u00bbcustom\u00a0\u00bb align=\u00a0\u00bbcenter\u00a0\u00bb border_width=\u00a0\u00bb4&Prime; custom_sparator_width=\u00a0\u00bb155px\u00a0\u00bb accent_color=\u00a0\u00bb#ec6f06&Prime;][vc_empty_space height=\u00a0\u00bb20px\u00a0\u00bb][vc_column_text]<\/p>\n<p style=\"text-align: justify;\">La relation avec les familles fait partie de la routine quotidienne de l&rsquo;\u00e9cole, nous avons une participation active et valorisons le fait qu\u00b4ils se sentent impliqu\u00e9s. Votre avis est essentiel pour assurer une relation d&rsquo;\u00e9change d&rsquo;exp\u00e9riences et d\u00b4opinions sur l&rsquo;\u00e9ducation des enfants.<\/p>\n<p>[\/vc_column_text][\/vc_column][vc_column offset=\u00a0\u00bbvc_col-lg-6 vc_col-md-6 vc_col-xs-12&Prime;][vc_single_image image=\u00a0\u00bb5408&Prime; img_size=\u00a0\u00bbfull\u00a0\u00bb alignment=\u00a0\u00bbcenter\u00a0\u00bb][\/vc_column][\/vc_row]<\/p>\n<\/div>","protected":false},"excerpt":{"rendered":"<p>[vc_row full_width=\u00a0\u00bbstretch_row\u00a0\u00bb bg_style=\u00a0\u00bbbg-effect-lg\u00a0\u00bb css=\u00a0\u00bb.vc_custom_1619893009248{padding-top: 55px !important;padding-bottom: 55px !important;background-color: #ec6f06 !important;}\u00a0\u00bb][vc_column][vc_custom_heading text=\u00a0\u00bbFamille-\u00c9cole\u00a0\u00bb font_container=\u00a0\u00bbtag:h1|text_align:center|color:%23ffffff\u00a0\u00bb use_theme_fonts=\u00a0\u00bbyes\u00a0\u00bb][\/vc_column][\/vc_row][vc_row full_width=\u00a0\u00bbstretch_row\u00a0\u00bb parallax=\u00a0\u00bbcontent-moving\u00a0\u00bb parallax_image=\u00a0\u00bb4622&Prime; el_class=\u00a0\u00bbrow-overlay\u00a0\u00bb bg_style=\u00a0\u00bbimg_parallax\u00a0\u00bb overlay_row=\u00a0\u00bbyes\u00a0\u00bb css=\u00a0\u00bb.vc_custom_1619893273188{padding-top: 55px !important;padding-bottom: 90px !important;background-color: rgba(255,255,255,0.7) !important;background-position: center;background-repeat: no-repeat !important;background-size: cover !important;*background-color: rgb(255,255,255) !important;}\u00a0\u00bb overlay_color=\u00a0\u00bb#ffffff\u00a0\u00bb overlay_opacity=\u00a0\u00bb0.8&Prime; bd_p_speed=\u00a0\u00bb0.5&Prime;][vc_column offset=\u00a0\u00bbvc_col-lg-6 vc_col-md-6 vc_col-xs-12&Prime; font_color=\u00a0\u00bb#000000&Prime;][vc_custom_heading text=\u00a0\u00bbImplication\u00a0\u00bb font_container=\u00a0\u00bbtag:h2|text_align:center\u00a0\u00bb use_theme_fonts=\u00a0\u00bbyes\u00a0\u00bb][vc_empty_space height=\u00a0\u00bb10px\u00a0\u00bb][vc_separator color=\u00a0\u00bbcustom\u00a0\u00bb align=\u00a0\u00bbcenter\u00a0\u00bb border_width=\u00a0\u00bb4&Prime; custom_sparator_width=\u00a0\u00bb155px\u00a0\u00bb accent_color=\u00a0\u00bb#ec6f06&Prime;][vc_empty_space height=\u00a0\u00bb20px\u00a0\u00bb][vc_column_text] La relation avec les familles [&hellip;]<\/p>\n","protected":false},"author":3,"featured_media":0,"parent":3919,"menu_order":50,"comment_status":"closed","ping_status":"closed","template":"","meta":[],"yoast_head":"<!-- This site is optimized with the Yoast SEO plugin v20.2.1 - https:\/\/yoast.com\/wordpress\/plugins\/seo\/ -->\n<title>Famille-\u00c9cole | Acuarella<\/title>\n<meta name=\"description\" content=\"Llar d&#039;infants Guarder\u00edas Escola bressol a Matar\u00f3 i Barcelona\" \/>\n<meta name=\"robots\" content=\"index, follow, max-snippet:-1, max-image-preview:large, max-video-preview:-1\" \/>\n<link rel=\"canonical\" href=\"https:\/\/www.acuarella.eu\/fr\/projet\/famille-ecole\/\" \/>\n<meta property=\"og:locale\" content=\"fr_FR\" \/>\n<meta property=\"og:type\" content=\"article\" \/>\n<meta property=\"og:title\" content=\"Famille-\u00c9cole | Acuarella\" \/>\n<meta property=\"og:description\" content=\"Llar d&#039;infants Guarder\u00edas Escola bressol a Matar\u00f3 i Barcelona\" \/>\n<meta property=\"og:url\" content=\"https:\/\/www.acuarella.eu\/fr\/projet\/famille-ecole\/\" \/>\n<meta property=\"og:site_name\" content=\"Acuarella\" \/>\n<meta property=\"article:publisher\" content=\"https:\/\/www.facebook.com\/acuarellainfants\/\" \/>\n<meta property=\"article:modified_time\" content=\"2021-05-01T18:21:16+00:00\" \/>\n<meta name=\"twitter:card\" content=\"summary_large_image\" \/>\n<meta name=\"twitter:site\" content=\"@AcuarellaLLI\" \/>\n<meta name=\"twitter:label1\" content=\"Dur\u00e9e de lecture estim\u00e9e\" \/>\n\t<meta name=\"twitter:data1\" content=\"1 minute\" \/>\n<script type=\"application\/ld+json\" class=\"yoast-schema-graph\">{\"@context\":\"https:\/\/schema.org\",\"@graph\":[{\"@type\":\"WebPage\",\"@id\":\"https:\/\/www.acuarella.eu\/fr\/projet\/famille-ecole\/\",\"url\":\"https:\/\/www.acuarella.eu\/fr\/projet\/famille-ecole\/\",\"name\":\"Famille-\u00c9cole | Acuarella\",\"isPartOf\":{\"@id\":\"https:\/\/www.acuarella.eu\/fr\/#website\"},\"datePublished\":\"2017-05-22T08:34:03+00:00\",\"dateModified\":\"2021-05-01T18:21:16+00:00\",\"description\":\"Llar d'infants Guarder\u00edas Escola bressol a Matar\u00f3 i Barcelona\",\"breadcrumb\":{\"@id\":\"https:\/\/www.acuarella.eu\/fr\/projet\/famille-ecole\/#breadcrumb\"},\"inLanguage\":\"fr-FR\",\"potentialAction\":[{\"@type\":\"ReadAction\",\"target\":[\"https:\/\/www.acuarella.eu\/fr\/projet\/famille-ecole\/\"]}]},{\"@type\":\"BreadcrumbList\",\"@id\":\"https:\/\/www.acuarella.eu\/fr\/projet\/famille-ecole\/#breadcrumb\",\"itemListElement\":[{\"@type\":\"ListItem\",\"position\":1,\"name\":\"Portada\",\"item\":\"https:\/\/www.acuarella.eu\/fr\/\"},{\"@type\":\"ListItem\",\"position\":2,\"name\":\"Projet\",\"item\":\"https:\/\/www.acuarella.eu\/fr\/projet\/\"},{\"@type\":\"ListItem\",\"position\":3,\"name\":\"Famille-\u00c9cole\"}]},{\"@type\":\"WebSite\",\"@id\":\"https:\/\/www.acuarella.eu\/fr\/#website\",\"url\":\"https:\/\/www.acuarella.eu\/fr\/\",\"name\":\"Llars d'infants Acuarella\",\"description\":\"Escuela infantil en Barcelona\",\"publisher\":{\"@id\":\"https:\/\/www.acuarella.eu\/fr\/#organization\"},\"potentialAction\":[{\"@type\":\"SearchAction\",\"target\":{\"@type\":\"EntryPoint\",\"urlTemplate\":\"https:\/\/www.acuarella.eu\/fr\/?s={search_term_string}\"},\"query-input\":\"required name=search_term_string\"}],\"inLanguage\":\"fr-FR\"},{\"@type\":\"Organization\",\"@id\":\"https:\/\/www.acuarella.eu\/fr\/#organization\",\"name\":\"Acuarella\",\"url\":\"https:\/\/www.acuarella.eu\/fr\/\",\"logo\":{\"@type\":\"ImageObject\",\"inLanguage\":\"fr-FR\",\"@id\":\"https:\/\/www.acuarella.eu\/fr\/#\/schema\/logo\/image\/\",\"url\":\"https:\/\/www.acuarella.eu\/wp-content\/uploads\/revslider\/Navidad2018\/logo_500px.png\",\"contentUrl\":\"https:\/\/www.acuarella.eu\/wp-content\/uploads\/revslider\/Navidad2018\/logo_500px.png\",\"width\":500,\"height\":207,\"caption\":\"Acuarella\"},\"image\":{\"@id\":\"https:\/\/www.acuarella.eu\/fr\/#\/schema\/logo\/image\/\"},\"sameAs\":[\"https:\/\/www.facebook.com\/acuarellainfants\/\",\"https:\/\/twitter.com\/AcuarellaLLI\",\"https:\/\/www.instagram.com\/acuarella_llars\/\",\"https:\/\/www.linkedin.com\/company\/11481738\/admin\/\"]}]}<\/script>\n<!-- \/ Yoast SEO plugin. -->","yoast_head_json":{"title":"Famille-\u00c9cole | Acuarella","description":"Llar d'infants Guarder\u00edas Escola bressol a Matar\u00f3 i Barcelona","robots":{"index":"index","follow":"follow","max-snippet":"max-snippet:-1","max-image-preview":"max-image-preview:large","max-video-preview":"max-video-preview:-1"},"canonical":"https:\/\/www.acuarella.eu\/fr\/projet\/famille-ecole\/","og_locale":"fr_FR","og_type":"article","og_title":"Famille-\u00c9cole | Acuarella","og_description":"Llar d'infants Guarder\u00edas Escola bressol a Matar\u00f3 i Barcelona","og_url":"https:\/\/www.acuarella.eu\/fr\/projet\/famille-ecole\/","og_site_name":"Acuarella","article_publisher":"https:\/\/www.facebook.com\/acuarellainfants\/","article_modified_time":"2021-05-01T18:21:16+00:00","twitter_card":"summary_large_image","twitter_site":"@AcuarellaLLI","twitter_misc":{"Dur\u00e9e de lecture estim\u00e9e":"1 minute"},"schema":{"@context":"https:\/\/schema.org","@graph":[{"@type":"WebPage","@id":"https:\/\/www.acuarella.eu\/fr\/projet\/famille-ecole\/","url":"https:\/\/www.acuarella.eu\/fr\/projet\/famille-ecole\/","name":"Famille-\u00c9cole | Acuarella","isPartOf":{"@id":"https:\/\/www.acuarella.eu\/fr\/#website"},"datePublished":"2017-05-22T08:34:03+00:00","dateModified":"2021-05-01T18:21:16+00:00","description":"Llar d'infants Guarder\u00edas Escola bressol a Matar\u00f3 i Barcelona","breadcrumb":{"@id":"https:\/\/www.acuarella.eu\/fr\/projet\/famille-ecole\/#breadcrumb"},"inLanguage":"fr-FR","potentialAction":[{"@type":"ReadAction","target":["https:\/\/www.acuarella.eu\/fr\/projet\/famille-ecole\/"]}]},{"@type":"BreadcrumbList","@id":"https:\/\/www.acuarella.eu\/fr\/projet\/famille-ecole\/#breadcrumb","itemListElement":[{"@type":"ListItem","position":1,"name":"Portada","item":"https:\/\/www.acuarella.eu\/fr\/"},{"@type":"ListItem","position":2,"name":"Projet","item":"https:\/\/www.acuarella.eu\/fr\/projet\/"},{"@type":"ListItem","position":3,"name":"Famille-\u00c9cole"}]},{"@type":"WebSite","@id":"https:\/\/www.acuarella.eu\/fr\/#website","url":"https:\/\/www.acuarella.eu\/fr\/","name":"Llars d'infants Acuarella","description":"Escuela infantil en Barcelona","publisher":{"@id":"https:\/\/www.acuarella.eu\/fr\/#organization"},"potentialAction":[{"@type":"SearchAction","target":{"@type":"EntryPoint","urlTemplate":"https:\/\/www.acuarella.eu\/fr\/?s={search_term_string}"},"query-input":"required name=search_term_string"}],"inLanguage":"fr-FR"},{"@type":"Organization","@id":"https:\/\/www.acuarella.eu\/fr\/#organization","name":"Acuarella","url":"https:\/\/www.acuarella.eu\/fr\/","logo":{"@type":"ImageObject","inLanguage":"fr-FR","@id":"https:\/\/www.acuarella.eu\/fr\/#\/schema\/logo\/image\/","url":"https:\/\/www.acuarella.eu\/wp-content\/uploads\/revslider\/Navidad2018\/logo_500px.png","contentUrl":"https:\/\/www.acuarella.eu\/wp-content\/uploads\/revslider\/Navidad2018\/logo_500px.png","width":500,"height":207,"caption":"Acuarella"},"image":{"@id":"https:\/\/www.acuarella.eu\/fr\/#\/schema\/logo\/image\/"},"sameAs":["https:\/\/www.facebook.com\/acuarellainfants\/","https:\/\/twitter.com\/AcuarellaLLI","https:\/\/www.instagram.com\/acuarella_llars\/","https:\/\/www.linkedin.com\/company\/11481738\/admin\/"]}]}},"_links":{"self":[{"href":"https:\/\/www.acuarella.eu\/fr\/wp-json\/wp\/v2\/pages\/3932"}],"collection":[{"href":"https:\/\/www.acuarella.eu\/fr\/wp-json\/wp\/v2\/pages"}],"about":[{"href":"https:\/\/www.acuarella.eu\/fr\/wp-json\/wp\/v2\/types\/page"}],"author":[{"embeddable":true,"href":"https:\/\/www.acuarella.eu\/fr\/wp-json\/wp\/v2\/users\/3"}],"replies":[{"embeddable":true,"href":"https:\/\/www.acuarella.eu\/fr\/wp-json\/wp\/v2\/comments?post=3932"}],"version-history":[{"count":4,"href":"https:\/\/www.acuarella.eu\/fr\/wp-json\/wp\/v2\/pages\/3932\/revisions"}],"predecessor-version":[{"id":7809,"href":"https:\/\/www.acuarella.eu\/fr\/wp-json\/wp\/v2\/pages\/3932\/revisions\/7809"}],"up":[{"embeddable":true,"href":"https:\/\/www.acuarella.eu\/fr\/wp-json\/wp\/v2\/pages\/3919"}],"wp:attachment":[{"href":"https:\/\/www.acuarella.eu\/fr\/wp-json\/wp\/v2\/media?parent=3932"}],"curies":[{"name":"wp","href":"https:\/\/api.w.org\/{rel}","templated":true}]}}

Famille-École

<div class="wpb-content-wrapper"><p>[vc_row full_width= »stretch_row » bg_style= »bg-effect-lg » css= ».vc_custom_1619893009248{padding-top: 55px !important;padding-bottom: 55px !important;background-color: #ec6f06 !important;} »][vc_column][vc_custom_heading text= »Famille-École » font_container= »tag:h1|text_align:center|color:%23ffffff » use_theme_fonts= »yes »][/vc_column][/vc_row][vc_row full_width= »stretch_row » parallax= »content-moving » parallax_image= »4622&Prime; el_class= »row-overlay » bg_style= »img_parallax » overlay_row= »yes » css= ».vc_custom_1619893273188{padding-top: 55px !important;padding-bottom: 90px !important;background-color: rgba(255,255,255,0.7) !important;background-position: center;background-repeat: no-repeat !important;background-size: cover !important;*background-color: rgb(255,255,255) !important;} » overlay_color= »#ffffff » overlay_opacity= »0.8&Prime; bd_p_speed= »0.5&Prime;][vc_column offset= »vc_col-lg-6 vc_col-md-6 vc_col-xs-12&Prime; font_color= »#000000&Prime;][vc_custom_heading text= »Implication » font_container= »tag:h2|text_align:center » use_theme_fonts= »yes »][vc_empty_space height= »10px »][vc_separator color= »custom » align= »center » border_width= »4&Prime; custom_sparator_width= »155px » accent_color= »#ec6f06&Prime;][vc_empty_space height= »20px »][vc_column_text]</p>
<p style="text-align: justify;">La relation avec les familles fait partie de la routine quotidienne de l&rsquo;école, nous avons une participation active et valorisons le fait qu´ils se sentent impliqués. Votre avis est essentiel pour assurer une relation d&rsquo;échange d&rsquo;expériences et d´opinions sur l&rsquo;éducation des enfants.</p>
<p>[/vc_column_text][/vc_column][vc_column offset= »vc_col-lg-6 vc_col-md-6 vc_col-xs-12&Prime;][vc_single_image image= »5408&Prime; img_size= »full » alignment= »center »][/vc_column][/vc_row]</p>
</div>

<p>[vc_row full_width= »stretch_row » bg_style= »bg-effect-lg » css= ».vc_custom_1619893009248{padding-top: 55px !important;padding-bottom: 55px !important;background-color: #ec6f06 !important;} »][vc_column][vc_custom_heading text= »Famille-École » font_container= »tag:h1|text_align:center|color:%23ffffff » use_theme_fonts= »yes »][/vc_column][/vc_row][vc_row full_width= »stretch_row » parallax= »content-moving » parallax_image= »4622&Prime; el_class= »row-overlay » bg_style= »img_parallax » overlay_row= »yes » css= ».vc_custom_1619893273188{padding-top: 55px !important;padding-bottom: 90px !important;background-color: rgba(255,255,255,0.7) !important;background-position: center;background-repeat: no-repeat !important;background-size: cover !important;*background-color: rgb(255,255,255) !important;} » overlay_color= »#ffffff » overlay_opacity= »0.8&Prime; bd_p_speed= »0.5&Prime;][vc_column offset= »vc_col-lg-6 vc_col-md-6 vc_col-xs-12&Prime; font_color= »#000000&Prime;][vc_custom_heading text= »Implication » font_container= »tag:h2|text_align:center » use_theme_fonts= »yes »][vc_empty_space height= »10px »][vc_separator color= »custom » align= »center » border_width= »4&Prime; custom_sparator_width= »155px » accent_color= »#ec6f06&Prime;][vc_empty_space height= »20px »][vc_column_text] La relation avec les familles [&hellip;]</p>

<!-- This site is optimized with the Yoast SEO plugin v20.2.1 - https://yoast.com/wordpress/plugins/seo/ -->
<title>Famille-École | Acuarella</title>
<meta name="description" content="Llar d&#039;infants Guarderías Escola bressol a Mataró i Barcelona" />
<meta name="robots" content="index, follow, max-snippet:-1, max-image-preview:large, max-video-preview:-1" />
<link rel="canonical" href="https://www.acuarella.eu/fr/projet/famille-ecole/" />
<meta property="og:locale" content="fr_FR" />
<meta property="og:type" content="article" />
<meta property="og:title" content="Famille-École | Acuarella" />
<meta property="og:description" content="Llar d&#039;infants Guarderías Escola bressol a Mataró i Barcelona" />
<meta property="og:url" content="https://www.acuarella.eu/fr/projet/famille-ecole/" />
<meta property="og:site_name" content="Acuarella" />
<meta property="article:publisher" content="https://www.facebook.com/acuarellainfants/" />
<meta property="article:modified_time" content="2021-05-01T18:21:16+00:00" />
<meta name="twitter:card" content="summary_large_image" />
<meta name="twitter:site" content="@AcuarellaLLI" />
<meta name="twitter:label1" content="Durée de lecture estimée" />
	<meta name="twitter:data1" content="1 minute" />
<script type="application/ld+json" class="yoast-schema-graph">{"@context":"https://schema.org","@graph":[{"@type":"WebPage","@id":"https://www.acuarella.eu/fr/projet/famille-ecole/","url":"https://www.acuarella.eu/fr/projet/famille-ecole/","name":"Famille-École | Acuarella","isPartOf":{"@id":"https://www.acuarella.eu/fr/#website"},"datePublished":"2017-05-22T08:34:03+00:00","dateModified":"2021-05-01T18:21:16+00:00","description":"Llar d'infants Guarderías Escola bressol a Mataró i Barcelona","breadcrumb":{"@id":"https://www.acuarella.eu/fr/projet/famille-ecole/#breadcrumb"},"inLanguage":"fr-FR","potentialAction":[{"@type":"ReadAction","target":["https://www.acuarella.eu/fr/projet/famille-ecole/"]}]},{"@type":"BreadcrumbList","@id":"https://www.acuarella.eu/fr/projet/famille-ecole/#breadcrumb","itemListElement":[{"@type":"ListItem","position":1,"name":"Portada","item":"https://www.acuarella.eu/fr/"},{"@type":"ListItem","position":2,"name":"Projet","item":"https://www.acuarella.eu/fr/projet/"},{"@type":"ListItem","position":3,"name":"Famille-École"}]},{"@type":"WebSite","@id":"https://www.acuarella.eu/fr/#website","url":"https://www.acuarella.eu/fr/","name":"Llars d'infants Acuarella","description":"Escuela infantil en Barcelona","publisher":{"@id":"https://www.acuarella.eu/fr/#organization"},"potentialAction":[{"@type":"SearchAction","target":{"@type":"EntryPoint","urlTemplate":"https://www.acuarella.eu/fr/?s={search_term_string}"},"query-input":"required name=search_term_string"}],"inLanguage":"fr-FR"},{"@type":"Organization","@id":"https://www.acuarella.eu/fr/#organization","name":"Acuarella","url":"https://www.acuarella.eu/fr/","logo":{"@type":"ImageObject","inLanguage":"fr-FR","@id":"https://www.acuarella.eu/fr/#/schema/logo/image/","url":"https://www.acuarella.eu/wp-content/uploads/revslider/Navidad2018/logo_500px.png","contentUrl":"https://www.acuarella.eu/wp-content/uploads/revslider/Navidad2018/logo_500px.png","width":500,"height":207,"caption":"Acuarella"},"image":{"@id":"https://www.acuarella.eu/fr/#/schema/logo/image/"},"sameAs":["https://www.facebook.com/acuarellainfants/","https://twitter.com/AcuarellaLLI","https://www.instagram.com/acuarella_llars/","https://www.linkedin.com/company/11481738/admin/"]}]}</script>
<!-- / Yoast SEO plugin. -->

Famille-École | Acuarella

Llar d'infants Guarderías Escola bressol a Mataró i Barcelona
